uppose -2*h + 317 = 2*o + 3*h, 2 = 2*h. Suppose -3*m - w = -218, -4*m = 5*w - 443 + o. What is the remainder when m is divided by 10?
3
Let p(j) = 3*j + 37. Suppose 10*t = -2*y + 7*t - 18, 5*y + 5*t + 45 = 0. What is the remainder when p(y) is divided by 4?
2
Let g(x) = 12*x**3 - 13*x**3 + x**2 - 4 + x**2 - 2*x + 4*x**2. Let l be g(6). Let a = -14 - l. What is the remainder when 7 is divided by a?
1
Let l(f) = -f**2 - 83*f - 1582. Let u = -3 - -5. Suppose o = 3*o - u, -113 = -4*w + 3*o. What is the remainder when w is divided by l(-30)?
5
Suppose 0 = -5*q - 2*m + 4, 3*m - 6 = 3*q - 8*q. Suppose 14*v - 10*v - 200 = q. Let i = 321 + -224. What is the remainder when i is divided by v?
47
Suppose -5*d + 7*x - 4*x - 602 = 0, -d + 4*x - 134 = 0. Let r = -57 - d. What is the remainder when r is divided by 37?
24
Let j = 103 - 63. Let l(k) = -k**2 + 12*k - 8. Let d be l(10). Calculate the remainder when j is divided by d/3 + -3 + 15.
8
Let h(a) = -7 + 17 + 8 - a. Let o be h(17). What is the remainder when o/4 - ((-347)/4)/1 is divided by 44?
43
Let u be 11/(5/25 - 0). Suppose x + 52 = u. Suppose -4*d = -4*p + 128, 8*p + 2*d - 139 = x*p. Calculate the remainder when p is divided by 11.
7
Let g(s) = -s**3 + 14*s**2 - 8*s - 50. Suppose -15*z + 2*b = -10*z - 59, -b + 42 = 3*z. Calculate the remainder when 74 is divided by g(z).
14
Let x = -24 + 30. Let t be ((-45)/(-27))/(5/x). Suppose -l = 3, 1 = -t*b - 5*l + 6. What is the remainder when 29 is divided by b?
9
Suppose -z = -21*z - 140. Let k = 29 + -10. Let c = z + k. Calculate the remainder when 34 is divided by c.
10
Let n = 139 + 136. Calculate the remainder when n is divided by (-19 - (-2268)/112)/((-2)/(-40)) - (-9 + -1).
30
Let i(q) = 712*q - 1130. What is the remainder when i(2) is divided by 283?
11
Let t(l) = l**3 + 16*l**2 - 45*l - 778. Calculate the remainder when t(-14) is divided by 13.
10
Suppose 233*m - 226*m = 525. Suppose 22 = -3*s + 4*s. Calculate the remainder when m - -13 - (4 - 1) is divided by s.
19
Let h(g) = 669 + 29*g - 365 - 388. What is the remainder when 11 is divided by h(3)?
2
Calculate the remainder when 257 is divided by (-154)/(-33) - (-6)/(-9).
1
Suppose 3*i = -i + 4. Suppose 0 = -n - 2, 0 = 121*g - 123*g - 4*n + 42. What is the remainder when g is divided by i/1 + 13/1?
11
Let u(a) = a**2 - 25*a + 51. What is the remainder when u(-23) is divided by 10?
5
Let a be ((-4)/(-3))/((-2)/21). Let g(b) = b**3 + 14*b**2 - 12*b + 5. What is the remainder when g(a) is divided by 29?
28
Suppose 3*n - 3403 = -3871. Calculate the remainder when 2/6 - 352/(-6) is divided by 1/((-1884)/n - 12).
7
Let z(m) = -140*m - 27. Let g be z(-1). Suppose 13*f - 1452 = -g. What is the remainder when f is divided by 21?
19
Let t be 1*3/(-1) - (159 - 80). Calculate the remainder when t/(-8 + 1 - -6) is divided by 12.
10
Let f = -167 + 137. Calculate the remainder when 59 is divided by (2 - f/(-5)) + 100/4.
17
What is the remainder when 1181 is divided by (3 + -1)*(5 - 135/(-10))?
34
Let i(d) = 52*d**2 - 3*d + 1. Let j(f) = -f**2 + f. Let g(w) = i(w) + 5*j(w). Calculate the remainder when 95 is divided by g(1).
45
Let d = 16522 - 15521. Calculate the remainder when d is divided by 84.
77
What is the remainder when 428 is divided by (-14 - -4)*(-1742)/130?
26
Suppose 22*l = 18*l + 432. Calculate the remainder when l is divided by 53.
2
Let f be (3*(2 + -3))/((-9)/12). Suppose f*i - i = 0. Suppose i = -93*a + 90*a + 12. Calculate the remainder when 15 is divided by a.
3
Let b = -61 - -135. Calculate the remainder when 294 is divided by b.
72
Let o = 1900 - 56. What is the remainder when o is divided by 22?
18
Calculate the remainder when 4541 is divided by 6/(-48) + (-27288)/(-192).
139
Suppose 885 + 2235 = -864*o + 912*o. Calculate the remainder when 368 is divided by o.
43
Suppose 4*o - 38 = -b - 0*b, 0 = 4*b - 4*o - 212. Let f = -157 - -175. Suppose -f + 174 = 6*h. Calculate the remainder when b is divided by h.
24
Suppose -102*m + 17113 = 25629 - 85118. What is the remainder when m is divided by 188?
187
Suppose 0 = l + 76*r - 80*r - 176, -r = 3*l - 593. What is the remainder when 26457 is divided by l?
193
Suppose 117*w - 119*w = -3*v + 569, -3*v = 3*w - 579. What is the remainder when v is divided by 15?
11
Let y = -5337 - -8137. Suppose -3152 = -4*c - y. Calculate the remainder when c is divided by 24.
16
Suppose -3*b - 2*s + 3*s = -86, -104 = -4*b + 4*s. Suppose 2*i + 74 = -11*z + 15*z, -60 = -3*z + 3*i. Calculate the remainder when b is divided by z.
13
Suppose -3*z = 4*o + 19, 2*o + 2 = -z - 7. Let m be (o - -26)*15/10. What is the remainder when 5/15*-3 + m is divided by 17?
15
Suppose 2*u - 220 = -2*u. Let p = 10802 + -10587. Calculate the remainder when p is divided by u.
50
Let n be (31*2 - (-10)/5) + -4. Let g = n - 56. Let s(p) = 18*p**2 - 2*p - 1. What is the remainder when s(-1) is divided by g?
3
Let f(g) = -g**3 + 7*g**2 + g - 9. Let l be f(5). Suppose -144 = l*a - 48*a. What is the remainder when a is divided by 26?
20
Suppose -5*u - 4*f = -63, -2*f + 4*f - 4 = 0. Let w = 20 + -12. Let d(x) = -x**2 + 13*x + 3. Calculate the remainder when d(w) is divided by u.
10
Let t = -1090 - -1639. Calculate the remainder when t is divided by (10/6 - 2)*(-97 - -31).
21
Suppose -4*m + 56 + 12 = 0. Let w = 494 + -466. Suppose 25*a = w + 72. What is the remainder when m is divided by a?
1
Let u be 1*3 + 1 + (2 - 5). What is the remainder when (-4)/((-16)/220) + 0 is divided by 7/((-1)/2 + u)?
13
Let x be -2 - 0/((2 + 2)/(-4)). Let u(r) = -20*r + 11. Calculate the remainder when u(-2) is divided by ((1 + -4)/6)/(x/36).
6
Suppose 62*g = -5083 + 21513. What is the remainder when 536 is divided by g?
6
Let p(k) be the first derivative of 2*k**3 - 1/4*k**4 - 6*k + 11/2*k**2 - 18. Calculate the remainder when 41 is divided by p(7).
19
Suppose -45*q + 44*q - 5 = -19. What is the remainder when 111 is divided by q?
13
Calculate the remainder when 5346 is divided by (((-5350)/6)/5)/(945/(-1134)).
210
Let m(g) = -g**3 + g**2 + 13. What is the remainder when m(0) is divided by (-64)/(-11) + (-8)/20 + 864/1485?
1
Let j(y) = y**2 - 7*y - 4. Let r be j(7). Let c be 10/3*(r/5 + 2). Suppose -138 = -c*v + 2. Calculate the remainder when v is divided by 12.
11
Suppose -15*f + 232 - 11 = -889. Calculate the remainder when f is divided by 50.
24
Let t(q) = q**3 + q**2 - 4*q + 3. Let a = 29515 - 29429. What is the remainder when a is divided by t(2)?
2
Let g(n) = -n**3 + 10*n**2 + 9*n + 1. Let b be g(12). Let w = 209 - b. Calculate the remainder when w is divided by 26.
24
Let y = 7591 + -6915. Calculate the remainder when y is divided by 205.
61
What is the remainder when 5122 is divided by (-10 + 1431 - 1)*12/10?
10
Suppose -14814 = -100*z + 12286. Calculate the remainder when z is divided by 170.
101
Let h(y) = -12*y - 9. Let x = -10 - -3. Calculate the remainder when h(x) is divided by 10.
5
Let v(m) = -110*m - 1148. Calculate the remainder when 1673 is divided by v(-11).
61
Let u be ((-36)/(-21))/((-5)/((-29820)/8)). Suppose 6*i = -12*i + u. Calculate the remainder when 424 is divided by i.
69
Calculate the remainder when 180 is divided by (-72)/48*1*(2 + (-68)/6).
12
Let g(m) = -521*m - 8163. Calculate the remainder when g(-16) is divided by 81.
11
Let j(x) = 469*x - 175829. What is the remainder when j(375) is divided by (-16)/(-10)*(-30)/(-4)?
10
Calculate the remainder when ((-20)/(-8) + -4)*(-29420)/30 is divided by 32.
31
Let m be (-3)/(-2)*12 + 6/(-3). Suppose -16 = -8*c + m*c. What is the remainder when c - -22*(0 + 1) is divided by 7?
6
Calculate the remainder when 674 is divided by 1486/12 + 29/1218*-35.
59
What is the remainder when 412 is divided by 110/(30 + -20) + 65?
32
Let x(y) = 449*y + 3176. Calculate the remainder when 615 is divided by x(-7).
21
Suppose -2 = -4*r + 6. Suppose 4*j = 2*t + 4, -j = 3*j + r*t + 12. What is the remainder when 1 - (0 + 2)*j is divided by 1?
0
Let s(d) = -11*d**3 + d**2 + d. Let y(g) = g**2 + 2*g + 1. Let t(x) = s(x) + y(x). Calculate the remainder when t(-1) is divided by 7.
4
Let s be (5 - 1) + 77/(-11). Let g be s/(-6)*(0 - -172). Suppose 4*p + 5*z = g, 3*p - 81 + 1 = 4*z. What is the remainder when 117 is divided by p?
21
Suppose -6*i + 10 = -i. Suppose -9 =